 of s(z)?
4
Let b = -8 + 3. Let k = b + 3. What is the units digit of 2 - k/(0 - 2)?
1
Let z = -2 - 12. Let a be (115/(-10))/((-1)/(-2)). Let t = z - a. What is the units digit of t?
9
Let d(i) = 2*i**2 + 2*i - 1. Let b be d(-3). Suppose 2*h - 3*u = -0*u + b, 3*h - u = 34. What is the units digit of h?
3
Let g be (0/2)/(0 + -1). Suppose g = 4*q - 4*k - 52, -5*k + 19 = 2*q - 0*q. What is the units digit of q?
2
Suppose 4*o + 143 + 41 = 0. Let h be (-1883)/28 + 1/4. Let l = o - h. What is the tens digit of l?
2
Let a(n) = 2 - 1 - 3*n + 0. What is the units digit of a(-2)?
7
Let x(y) = y - y**3 + 0*y**2 - 5*y**2 + 3*y**2. Let k(g) = -g**2 + 1. Let u be k(-2). What is the units digit of x(u)?
6
Let k be (-1)/4 + (-9)/(-4). Suppose 4*x - 5*v - 3 = 0, -5*v + 46 = 5*x - k*x. Suppose -2*l + x = 1. What is the units digit of l?
3
Let v = 10 + -8. Let a be v/(-1) - (-6 - -8). What is the units digit of (-11)/a - (-2)/8?
3
Let f(w) = -w**3 + 5*w**2 - 2*w + 7. Suppose -b + 3*q - 8 = 0, -1 - 7 = -b - q. What is the tens digit of f(b)?
1
Let u(m) be the second derivative of -m**5/20 - m**4/6 - m**3/6 + 3*m**2 + 2*m. What is the units digit of u(0)?
6
Suppose 4*d = 4*s + 132, s - 71 = -3*d + 32. What is the units digit of d?
4
Let w(m) = -m**3 + 7*m**2 - 5*m - 3. Let u be w(6). Let s(r) = 5*r**2 - 3 - 2*r + 0*r**2 - r**3 - r. What is the units digit of s(u)?
6
Suppose 16 = 5*s - 14. Suppose k - s*k = -100. What is the units digit of k?
0
Let x = 67 + 71. What is the tens digit of x?
3
Suppose -3*w - 6 = -6*w. Let v be (-12)/(2 - w - 1). Suppose -12 = -4*o + v. What is the units digit of o?
6
Let v(b) = 3*b**2 + 6*b - 2. What is the tens digit of v(3)?
4
Suppose 0*i + 3 = i. Suppose -3*q + 160 = -o + 2*o, -4*q = -i*o - 196. Suppose 3*m - 5*z - q = 0, -3*m = -2*z - 7 - 30. What is the units digit of m?
9
Let p(x) = -x + 1. Let u be p(3). Let n = 9 + u. Let r = 11 - n. What is the units digit of r?
4
Let v = 284 + -140. What is the units digit of v?
4
Let a(q) = -q**3 - 3*q**2 + 5*q + 6. Let o be a(-4). Let t be 20 - (-2 + (1 - 1)). Suppose -3*f + b + 0*b + t = 0, -o*b = -4. What is the units digit of f?
8
Let o = -165 - -250. What is the units digit of o?
5
Let b = 1 + -2. Let w be -3 - -9 - (b + 2). Suppose 2*c - 5*m = -3 + 10, 0 = 3*c - 2*m - w. What is the units digit of c?
1
Suppose 4*j - 32 = 2*j. Let q(s) = -s - 1. Let u be q(-1). Suppose j = -u*g + g. What is the units digit of g?
6
Let h(g) = 8 - g - 8. Let r be h(-3). Let p = r + -1. What is the units digit of p?
2
Let w be 3/(-1 + 9/12). Let u = 0 - w. What is the tens digit of u?
1
Let u(d) = -d**2 + 4*d + 1. What is the units digit of u(4)?
1
Let y = -16 + 44. Suppose -12 = 3*v, -4*l = -0*l + v + y. Let g(k) = -3*k - 9. What is the units digit of g(l)?
9
Let v(z) = z**3 - 5*z**2 + z + 1. Let c be v(5). Let g = c + 1. What is the units digit of g?
7
Suppose -47 = -4*m + 69. What is the units digit of m?
9
Let k(v) = -3*v**3 + 2*v**2 + 2*v + 1. Let p be (-5)/(-10)*(1 - 3). What is the units digit of k(p)?
4
Let c(v) = 13*v**2 - v - 4. What is the units digit of c(2)?
6
Let y(w) = w**2 - w. Let z(s) = 3*s**2 - 5*s - 4. Let b = 8 + -9. Let a(m) = b*z(m) + 4*y(m). What is the units digit of a(0)?
4
What is the tens digit of ((-32)/(-5))/(6 + (-203)/35)?
3
Let f be (-3 - -3)/((-4)/2). Let i(s) = -s**2. Let u be i(-2). Let p = f - u. What is the units digit of p?
4
What is the tens digit of 3*(-104)/12*2/(-4)?
1
Let u(h) = 2*h**3 - h**2 + 6*h. What is the units digit of u(4)?
6
Let k(q) = 6*q**2 + 2*q - 8. What is the units digit of k(3)?
2
Suppose 5*p + 20 = 5. Let c be (p/(-1))/3 + -26. Let r = -17 - c. What is the units digit of r?
8
Let p = -9 - -13. Suppose z + 4*t = -2*z + 64, z - p*t = 16. What is the units digit of z?
0
Suppose 0 = -h - 4*h - 30. What is the units digit of ((-20)/h)/((-2)/(-3))?
5
Let a be 5/(-2)*(-1 - 1). Let o = -13 + 24. Suppose -a = 3*s - o. What is the units digit of s?
2
Let s(q) = q**3 - q**2 + q + 9. Let l be s(0). Let f = 18 - l. Suppose -f = -i - 3. What is the units digit of i?
6
Let s be (4/6)/((-4)/(-18)). Suppose 2*b + s*b = 0. Suppose b = -u + 2*u - 11. What is the units digit of u?
1
Let m(v) = v**2 + 11*v - 3. Suppose -6*z = -z + 60. What is the units digit of m(z)?
9
What is the tens digit of (-2646)/(-81) - (-2)/(-3)?
3
Suppose 3*f + 4 = 7*f, -3*f = -3*b + 12. What is the units digit of b?
5
Let g(k) = -k - 1. Suppose 3*y + 29 = 5*b, 2*b = y - 4*y - 1. Let v be g(b). What is the units digit of (-7 + 1)*5/v?
6
Suppose w = -w - 8, f + 2*w = 53. What is the tens digit of f?
6
Let p be (-32)/(-18) - 6/(-27). Suppose -o - p*o = -2*d + 22, -4*d + 5*o + 40 = 0. What is the units digit of d?
5
Let c = 0 + -3. What is the tens digit of (1 - -13)*(-2 - c)?
1
What is the units digit of ((-24)/(-32))/(2/176)?
6
Suppose -6*h + 350 = -52. What is the units digit of h?
7
Suppose -o = 2*o - 12. Suppose -20 = o*w, -29 = -5*c + 5*w + 6. What is the units digit of c?
2
Let j(y) = 7*y - 4. What is the units digit of j(3)?
7
What is the units digit of (-1)/3*(14 - 155)?
7
Let y = 126 - 82. What is the units digit of y?
4
Let w(t) = 2*t**2 - t - 12. What is the tens digit of w(-9)?
5
Suppose 0 = -5*t - 150 + 50. Let y = -13 - t. What is the units digit of y?
7
Suppose -5*d + 8 = -22. Let c be (-2 + 1)/((-2)/d). Suppose j = 4 + c. What is the units digit of j?
7
Suppose 4*r - 2 = 10. Suppose -g + 4*u - u - 1 = 0, -r*g - u = -17. Let n = -1 + g. What is the units digit of n?
4
Let v(s) be the third derivative of -s**4/6 + 7*s**3/6 - s**2. Let t(c) = -7*c + 13. Let w(u) = -3*t(u) + 5*v(u). What is the units digit of w(5)?
1
Let g be 2/9 + (-12)/54. Suppose g = k - 4*k + 66. What is the tens digit of k?
2
Let j be 1 - (0 + -3)*-1. What is the tens digit of (j - -22)*2/2?
2
Suppose -4*s + 24 + 44 = 0. What is the tens digit of s?
1
Let i(d) = d**2 - 3*d. Let x be i(3). Suppose -j + 2 + 4 = x. What is the units digit of j?
6
Let o(m) = -m**3 - 2*m**2 - m - 4. Let w(h) = -2*h + 3. Suppose -3*d + 4*v + 9 = -v, 9 = 3*d + 4*v. Let u be w(d). What is the units digit of o(u)?
8
Let h = 71 - 29. What is the tens digit of h?
4
Suppose 18*s = 4*g + 20*s - 522, -2*s = -2. What is the units digit of g?
0
What is the tens digit of 46 - (18/(-3))/3?
4
What is the units digit of (-3 - 1 - -7) + 52?
5
Let h be 13/2 - (-5)/(-10). Let c be 21/9 - (-4)/h. Suppose -c*w + 4*w - 4 = 0. What is the units digit of w?
4
Suppose j - 57 = -0*j. What is the tens digit of j?
5
Let n = 413 - 198. What is the tens digit of n?
1
Let w be (-684)/45 + 1 + 4/(-5). Suppose 4*c + 9 = -8*j + 3*j, j = c + 9. Let f = c - w. What is the units digit of f?
9
What is the units digit of 2/(-6) + (-56)/(-6)?
9
Let n(z) = z**3 - z**2 + 2. Let p be n(0). Let y be (p + 0)/2 + -1. Suppose k + 3*r + 13 = y, -k - 18 = -5*k + 2*r. What is the units digit of k?
2
Suppose -2*i + 5 = -219. Let g = i - 72. What is the tens digit of g?
4
What is the units digit of 16*(4 + (-28)/8)?
8
Suppose -5*f - 1 = -11. Let g(z) = 3*z**3 - 2*z**2 - 3*z + 2. Let x be g(f). Suppose -b - b + x = 0. What is the units digit of b?
6
Let a(u) = 3*u - 21. Let j = 9 - -1. What is the units digit of a(j)?
9
Let s(a) = a**3 + 9*a**2 - 4*a - 19. What is the tens digit of s(-8)?
7
Let h(x) = x - 1. Let c be h(2). Let p = 10 - -10. Suppose c + p = 3*w. What is the units digit of w?
7
Let n be 16/9 + 2/9. Let t be (-1 + 2)*1 - n. Let z = t - -9. What is the units digit of z?
8
What is the tens digit of (18/8)/3 + 2127/12?
7
Let a(w) = 39*w - 25. What is the units digit of a(3)?
2
Suppose -q + 108 = 2*q. What is the units digit of q?
6
Let c(v) = v**3 - 3*v**2 + 2*v + 3. Suppose 0 = 4*w - 2*j - 18, -3*w + 36 = w + 4*j. Let h = 9 - w. What is the units digit of c(h)?
9
Suppose -3*t - 23 = -2*w, 0 = -w - 2*t + 6 - 5. What is the units digit of w?
7
Suppose -2*w = 5*q - 267, 3*w - 4*q - 308 - 35 = 0. What is the tens digit of w?
2
Suppose -4*l + 0*l + 4 = 0. Suppose 2*o = 3 - l. What is the units digit of o?
1
Let l = 17 - -150. What is the units digit of l?
7
Let m = -4 + 5. Let x be (0 + m)/((-3)/(-6)). What is the units digit of (-44)/(-2)*1/x?
1
Suppose t = -0*t. Suppose t = h - 2 - 10. What is the units digit of h?
2
Let j be 5 - 3 - (-3 - -1). Suppose 3*q = -0*t - 5